) - 2*r(c). Let u(o) = -o - 7. Let y be u(4). Is g(y) prime?
False
Let m = 95 + 326. Suppose -4*c + 343 + m = 0. Is c composite?
False
Let z = -30 + 213. Let r = z - 130. Is r a composite number?
False
Let o(l) be the first derivative of l**3/3 + 4*l**2 + l - 1. Let m = -13 - -4. Is o(m) a prime number?
False
Suppose s + 2*a = 31, -5*s + 2*a - 3*a + 119 = 0. Suppose -5*d - s = -w, -4*w - d = -8*w + 92. Is w a prime number?
True
Let i = -198 + 563. Is i a composite number?
True
Suppose 5*n - 2*n - 60 = -4*o, 3*n - 39 = 3*o. Is n/56 + 1354/14 prime?
True
Let t = 3 - 1. Suppose -3*i - 2*g - t*g + 130 = 0, 3*i - 94 = 5*g. Is i prime?
False
Suppose -m = 4*m - 395. Is m prime?
True
Suppose 0 = 3*f + 1 - 10. Let r be 1*13*(0 + 9). Suppose 5*c = -3*b + r, 55 = f*c + b - 3*b. Is c a prime number?
False
Let v = 18 + 16. Suppose -7 = -4*q - 5*p + 53, -4*p - v = -5*q. Is q a prime number?
False
Suppose -2*m - 2*x + 99 = -5*x, -2*m + 89 = -5*x. Suppose 0*o = 3*o - m. Is o a composite number?
False
Suppose -j - j + 50 = 3*z, 5*j = z + 108. Suppose -3*a = 3 - 0. Is j - (2 + 3*a) prime?
True
Suppose -2*p - 12 = -2*w, -p + 4*w = -2*p - 1. Let x(o) = o**3 + 5*o**2 - 6*o - 7. Let h be x(p). Let r = h + -13. Is r prime?
False
Suppose -1381 - 1275 = -4*n - 4*j, -j = -2*n + 1337. Is n a prime number?
False
Let x(c) = -c**2 + 2*c + 2. Let b be x(4). Let v = b - -10. Suppose k + 168 = -5*f + 825, 0 = f - v*k - 123. Is f composite?
False
Let w(k) be the third derivative of -k**7/840 - 7*k**6/720 + k**5/12 + 3*k**2. Let n(f) be the third derivative of w(f). Is n(-10) a composite number?
False
Let t = 25 + -36. Let a = t + 22. Is a prime?
True
Let a = 408 - 221. Is a a prime number?
False
Is (-5)/((-10)/(-7))*-122 prime?
False
Let t = -40 - -62. Suppose 5*x + t = 5*h + 4*x, 5*h + 5*x - 40 = 0. Suppose -4*f + 909 - 174 = -h*g, -2*f - 3*g = -373. Is f a prime number?
False
Let v = 191 + -286. Let k = v - -154. Is k a composite number?
False
Let l(d) = -2 + d**2 + 13 + 2*d**3 + 3*d - 3*d**3 - 3. Let w be l(6). Let q = 239 + w. Is q a prime number?
False
Let b(m) be the third derivative of m**5/15 - m**4/6 - m**3/2 + 4*m**2. Is b(-4) composite?
True
Is 1*2 + (30 - -3857) prime?
True
Suppose -12 = -4*d - 2*s, 4*s - 9 = -4*d - d. Suppose 4*q - 2*a - 231 = q, -159 = -2*q + 3*a. Suppose -d*c - 3*t + 560 = -q, -t + 508 = 4*c. Is c composite?
False
Let x = 0 - -19. Suppose -o - x = -2*o. Suppose -o - 27 = -2*r. Is r a composite number?
False
Let d be ((-302)/8 - -3)*4. Let q be d*(-1)/((-1)/(-2)). Suppose 3 = 3*t - 2*t, 0 = 5*l + t - q. Is l a prime number?
False
Suppose -5*d + 44 = 4*h - 3*h, 2*d = -3*h + 15. Let i = 16 - d. Let m = i + -5. Is m composite?
False
Let k = 4 + 0. Suppose -k*i + 220 = -0*i. Is i a composite number?
True
Suppose 0 = 6*v - 24*v + 85338. Is v a prime number?
False
Is (-2018)/(-3) + 3/18*2 a prime number?
True
Suppose -12 = -2*f - f. Let t(x) = 3*x**2 + x - 3. Is t(f) a prime number?
False
Suppose 4*b - 644 = -0*b. Is b a composite number?
True
Suppose 2*d = -2*h + 270, -2*d - 3*d - 4*h = -676. Suppose -x = 4*u - d, 3*x = -2*u + 4*x + 74. Is u composite?
True
Let q = 9 + -16. Let t = -7 - q. Suppose 2 = -5*m - 3, t = 5*d - 2*m - 97. Is d a composite number?
False
Is ((-74)/3*-3)/(3 - 1) a prime number?
True
Is 12/(-3) + 4 - -763 a prime number?
False
Suppose -8 = o - 4*x + 3, 2*x = o + 5. Let r(a) = 51*a. Is r(o) composite?
True
Suppose f - 4*c - 175 = 0, 2*f + c = 3*f - 166. Is f a prime number?
True
Suppose 4*i - 642 = 2*i + 5*w, -5*w = i - 336. Is i prime?
False
Let t(a) = -6*a**3 + 3*a**2 + a + 5. Is t(-3) prime?
True
Suppose -5*b + 0*b + 40 = 0. Let i = b + -6. Suppose i*o = 3*j + 5*o - 255, 0 = -j + 2*o + 97. Is j composite?
False
Let z(r) = -66*r + 5. Is z(-4) composite?
False
Let g(c) = -18*c**3 + 2*c**2 + 3*c + 3. Is g(-2) a prime number?
True
Suppose 2*b + 2*b - 1676 = -4*p, -4*b + p = -1676. Is b prime?
True
Let q(w) = -14*w + 5 - 8*w + 0. Is q(-8) composite?
False
Let x(v) be the third derivative of 9*v**4/8 - v**3/3 + v**2. Is x(5) prime?
False
Let o = -14 - -19. Suppose o*d = 165 + 290. Is d a prime number?
False
Suppose -2*o + 6 = -2. Let n be (-342)/(-8) + 1/o. Suppose -2*y = 8, -u = 2*u + 5*y - n. Is u a prime number?
False
Let s(c) = c - 9. Let d be s(11). Suppose 0 = -2*r + 3*r - d*q - 175, 3*r + q - 497 = 0. Is r a composite number?
False
Let k(a) = -14*a + 13. Is k(-7) a composite number?
True
Let b = 6 - 2. Suppose 0 = -3*j + y - b, y - 2*y - 12 = 5*j. Is 6*j/4*-2 composite?
True
Is (13321/21)/((-2)/(-6)) a composite number?
True
Let u be 2 - 31/(2 + -3). Let a(c) = 2*c**2 + 1. Let w be a(1). Suppose 0*z + u = w*z. Is z prime?
True
Suppose 2*y = 5456 + 3518. Is y a composite number?
True
Suppose -7*v + 3*v = -4, -5*v = 2*a - 21. Let i be 506/a - 2/8. Suppose -i = -p - d, 2*p - 339 = -3*p + d. Is p composite?
False
Suppose -3*l + 5 = 53. Is ((-220)/l + -2)*4 prime?
True
Is (1/(2/(-223)))/(4/(-8)) prime?
True
Let w be 3 + 2 + (-20)/4. Suppose w*h = 5*h - 1455. Is h composite?
True
Suppose 2*y = 193 + 385. Is y composite?
True
Suppose -7 = -x - 2*v, 3*v - 4*v = 3*x - 11. Let s(g) = -10 + 2*g**3 - 7*g**2 + 4*g + 2*g**x + 2*g**3 - 7*g**3. Is s(-8) a prime number?
False
Let o be ((-5)/(-2))/((-4)/(-8)). Suppose 366 = o*g - 3*g. Is g prime?
False
Let i be ((-208)/(-20))/((-2)/(-15)). Let v = 244 - i. Is v composite?
True
Let l = 3132 + -2211. Is l a prime number?
False
Let y(m) = m**2 - 234. Let p be y(0). Let i be 2/(-7) - (-4722)/14. Let b = p + i. Is b prime?
True
Let m(f) = -3*f**2 - f + 11. Let q be m(-5). Let z(l) = -l**2 - 2*l + 2. Let s be z(-4). Let o = s - q. Is o composite?
False
Let y(a) = 2*a**3 - 6*a**2 + 15. Is y(5) composite?
True
Suppose -o + 3*o - 6 = 0. Let w be 5 + 1/(-1) + 1. Suppose -z = w*i - 34, -2*z + i = o*i - 44. Is z composite?
False
Let n(t) = -t**3 + 3*t + 1. Let u be n(-3). Suppose -24 - u = -p. Is p composite?
False
Let m be 2 + 0 - (1 + -35). Suppose 0 = 2*d + 3*q - 5 + 22, -q = d + 6. Let s = d + m. Is s prime?
False
Let a = -69 - -148. Is a a composite number?
False
Let k = -119 + 47. Is 1/1 + k/(-2) a prime number?
True
Let n(u) = 2*u - 13. Let q be n(8). Suppose 0 = q*v - 5*d - 821, -3*d - 117 - 154 = -v. Is v a composite number?
False
Suppose -4*d + 5*v = -0*v - 11049, -d = -4*v - 2765. Is d a composite number?
True
Let t(v) be the second derivative of v**4/6 + 13*v**3/6 + 15*v**2/2 - 5*v. Is t(-10) composite?
True
Suppose -3*b = 5*s - 200, -4*s - 4*b + 147 = b. Suppose 36 = z - s. Is z a prime number?
True
Let m = 127 + -124. Let u(c) = 13*c**2 + 3. Let l be u(-4). Is l + 0*m/(-9) prime?
True
Suppose -47 = 2*l - 7. Is (-6)/(-10) + (-2528)/l composite?
False
Let q be (3/6)/((-1)/(-24)). Suppose -12 = 5*o - o - 2*l, -4*o = 3*l + q. Let a = o + 14. Is a prime?
True
Let c(r) = 11*r**2 - 3*r + 3. Is c(-4) prime?
True
Let q(j) = j**2 + 6*j - 7. Let o(n) = 2*n**2 + 12*n - 14. Let r(b) = 3*o(b) - 5*q(b). Let g be r(-7). Suppose -x = -g*x - 7. Is x a composite number?
False
Let z be -24*(32/12 - 3). Suppose 0 = 13*i - z*i - 4075. Is i a prime number?
False
Suppose 4*q + 5*a + 366 = 10807, 2*q - 5222 = -4*a. Is q a composite number?
False
Let t be 2 + (1 + -4)/(-1). Suppose -t*a + 107 - 356 = -2*r, 509 = 4*r + a. Is r composite?
False
Suppose -14 = w + 3*a - 49, -2*w - a = -70. Let c = 301 - w. Is (1/(-2))/((-1)/c) a composite number?
True
Suppose -5*z - 4*x = 26, 5*z + 2*x = -3*x - 30. Is z/4 + 273/14 a composite number?
False
Is 6/18 - (2 - (-4012)/(-6)) prime?
False
Let j be 1701/(-6)*-2 - 1. Suppose 4*o - j = 174. Is o prime?
False
Let x = 283 - 184. Let z = x + -45. Suppose b - c - z = -6*c, 0 = -5*b + 3*c + 186. Is b composite?
True
Let f(v) = -v**3 - 14*v**2 - 6*v - 17. Is f(-14) a prime number?
True
Let c = -2166 + 3190. Suppose 5*q - 601 = c. Suppose -q = -s - 4*s. Is s a prime number?
False
Is (21 + -4)/(6/42) a prime number?
False
Let s(z) = -z**2 - 1. Let o be s(1). Let u be (-3 + o)*4/2. Is 6/(-15) + (-104)/u prime?
False
Let s(z) = 16*z. Let j be s(1). Suppose j = u - 5*u. Let i(w) = w**3 + 3*w**2 - 6*w - 1. Is i(u) prime?
True
Let r = 14 - 47. Let p = r - -60. Suppose p = 4*c - 61. Is c a composite number?
True
Let p(f) be the first derivative of f**6/360 + f**4/4 - f**3/3 + 2. Let n(x) be 